33
List the prime factors of 51531172.
2, 7, 11, 167309
What are the prime factors of 763904893?
763904893
What are the prime factors of 66318765?
3, 5, 31, 127, 1123
What are the prime factors of 35128108?
2, 2843, 3089
What are the prime factors of 373492545?
3, 5, 24899503
List the prime factors of 1842600141.
3, 204733349
What are the prime factors of 27252759?
3, 53, 171401
What are the prime factors of 5608876745?
5, 1121775349
List the prime factors of 195260494.
2, 11, 13, 682729
What are the prime factors of 36648714?
2, 3, 257, 23767
What are the prime factors of 8893964?
2, 109, 20399
What are the prime factors of 1544980923?
3, 171664547
What are the prime factors of 542799782?
2, 7, 277, 139969
What are the prime factors of 1740675373?
17, 102392669
What are the prime factors of 1129581272?
2, 2309, 61151
List the prime factors of 1515920185.
5, 13, 3719, 6271
List the prime factors of 1153054181.
29, 39760489
What are the prime factors of 657373098?
2, 3, 53, 2067211
List the prime factors of 1100675988.
2, 3, 43, 317, 2243
List the prime factors of 32266201.
11, 2933291
What are the prime factors of 223838757?
3, 107, 232439
List the prime factors of 39476935.
5, 7895387
List the prime factors of 15886668.
2, 3, 7, 189127
What are the prime factors of 5344497031?
199, 26856769
What are the prime factors of 5465531365?
5, 7, 17, 67, 71, 1931
What are the prime factors of 33242686?
2, 167, 99529
List the prime factors of 18442646.
2, 1327, 6949
List the prime factors of 284145109.
421, 674929
What are the prime factors of 908590962?
2, 3, 151431827
List the prime factors of 123660016.
2, 1699, 4549
List the prime factors of 2280941156.
2, 13, 43864253
List the prime factors of 34095880.
2, 5, 7, 13, 17, 19, 29
List the prime factors of 187394317.
11, 23, 29, 25541
What are the prime factors of 1358761401?
3, 150973489
What are the prime factors of 200041155?
3, 5, 139, 31981
What are the prime factors of 50946552?
2, 3, 17, 107, 389
What are the prime factors of 50666130?
2, 3, 5, 167, 3371
List the prime factors of 618102775.
5, 19, 89, 14621
What are the prime factors of 522276791?
59, 1663, 5323
List the prime factors of 5290113696.
2, 3, 7, 59, 389
List the prime factors of 141820036.
2, 35455009
List the prime factors of 1353337514.
2, 676668757
What are the prime factors of 512446688?
2, 13, 1231843
List the prime factors of 234480777.
3, 277, 282167
What are the prime factors of 11250548?
2, 79, 35603
What are the prime factors of 1224690163?
19, 5087, 12671
List the prime factors of 52803891.
3, 7, 838157
List the prime factors of 11940715.
5, 17, 59, 2381
List the prime factors of 585563551.
43, 311, 43787
List the prime factors of 325052692.
2, 81263173
List the prime factors of 953868871.
43, 59, 375983
List the prime factors of 3954018.
2, 3, 127, 5189
What are the prime factors of 153203354?
2, 17, 89, 197, 257
List the prime factors of 340437173.
5449, 62477
List the prime factors of 61424818.
2, 7, 13, 547, 617
What are the prime factors of 406463541?
3, 11, 12317077
List the prime factors of 8520641.
1223, 6967
What are the prime factors of 3299599286?
2, 26921, 61283
List the prime factors of 51237129.
3, 19, 898897
List the prime factors of 1190092278.
2, 3, 198348713
What are the prime factors of 100590482?
2, 179, 280979
List the prime factors of 1290080685.
3, 5, 53, 1622743
What are the prime factors of 2202771838?
2, 17, 37, 1751011
What are the prime factors of 6891621980?
2, 5, 127, 2713237
What are the prime factors of 259072018?
2, 191, 678199
List the prime factors of 371743877.
659, 564103
List the prime factors of 213448992.
2, 3, 199, 11173
List the prime factors of 421420249.
107, 373, 10559
What are the prime factors of 76818969?
3, 2845147
List the prime factors of 161380332.
2, 3, 4482787
What are the prime factors of 62116172?
2, 1873, 8291
List the prime factors of 868105121.
13, 31, 239, 9013
List the prime factors of 256693762.
2, 13, 19, 39971
List the prime factors of 53098442.
2, 26549221
What are the prime factors of 545455988?
2, 7, 11, 1770961
List the prime factors of 860404497.
3, 286801499
List the prime factors of 80547497.
1433, 56209
What are the prime factors of 1138653151?
14869, 76579
What are the prime factors of 430328271?
3, 143442757
List the prime factors of 177719280.
2, 3, 5, 31, 23887
List the prime factors of 33599349.
3, 7, 61, 1249
What are the prime factors of 38593066?
2, 19, 53453
List the prime factors of 35940800.
2, 5, 7, 3209
List the prime factors of 142250610.
2, 3, 5, 271, 17497
List the prime factors of 185285457.
3, 7, 2941039
What are the prime factors of 886094226?
2, 3, 49227457
What are the prime factors of 2251771593?
3, 137, 1583, 3461
What are the prime factors of 1733438030?
2, 5, 421, 411743
List the prime factors of 66197175.
3, 5, 11, 80239
What are the prime factors of 428932035?
3, 5, 7, 194527
List the prime factors of 1869978566.
2, 47, 599, 33211
List the prime factors of 160403621.
7, 37, 47, 13177
List the prime factors of 532861216.
2, 313, 53201
List the prime factors of 9518319972.
2, 3, 7, 770839
What are the prime factors of 4675351265?
5, 13, 37, 1944013
What are the prime factors of 56225310?
2, 3, 5, 1874177
List the prime factors of 1166203157.
7, 166600451
List the prime factors of 58990913.
37, 167, 9547
What are the prime factors of 1427518391?
13, 23, 109, 43801
List the prime factors of 689200828.
2, 172300207
List the prime factors of 45497984.
2, 7, 17, 29, 103
List the prime factors of 58335266.
2, 11, 2651603
List the prime factors of 267857617.
267857617
List the prime factors of 14894234.
2, 41, 67, 2711
What are the prime factors of 978967308?
2, 3, 11, 23, 127, 2539
What are the prime factors of 51145235?
5, 419, 24413
What are the prime factors of 113225703?
3, 1597, 23633
What are the prime factors of 3258726562?
2, 7, 13, 17905091
List the prime factors of 29133844.
2, 61, 139, 859
What are the prime factors of 76326087?
3, 79, 322051
List the prime factors of 52454983.
7, 1327, 5647
List the prime factors of 2227771924.
2, 7, 37, 347, 6197
List the prime factors of 602354359.
19, 31702861
What are the prime factors of 62301939?
3, 7, 2966759
List the prime factors of 4163429.
4163429
What are the prime factors of 198436493?
198436493
What are the prime factors of 372541651?
281, 1325771
List the prime factors of 129681572.
2, 773, 41941
What are the prime factors of 5443841?
13, 317, 1321
List the prime factors of 85543359.
3, 11, 29, 89387
What are the prime factors of 175367389?
73, 2402293
What are the prime factors of 131968053?
3, 7, 19, 41, 2689
What are the prime factors of 476118483?
3, 73, 2174057
List the prime factors of 163521075.
3, 5, 2180281
What are the prime factors of 3283071071?
7, 89, 557, 9461
List the prime factors of 19354559.
7, 19, 20789
List the prime factors of 520667923.
520667923
What are the prime factors of 194534102?
2, 7, 149, 93257
List the prime factors of 53387206.
2, 47, 567949
List the prime factors of 1357345422.
2, 3, 75408079
List the prime factors of 5497938.
2, 3, 305441
List the prime factors of 35597087.
35597087
What are the prime factors of 37239417?
3, 73, 56681
What are the prime factors of 53170368?
2, 3, 276929
What are the prime factors of 2849783696?
2, 178111481
List the prime factors of 1149679793.
97, 11852369
List the prime factors of 2912796017.
4001, 728017
List the prime factors of 3865788052.
2, 7, 127, 1087117
List the prime factors of 2901575509.
7, 19853, 20879
List the prime factors of 8609667696.
2, 3, 7, 31, 5623
List the prime factors of 415926748.
2, 337, 308551
What are the prime factors of 55406839?
23, 2408993
What are the prime factors of 1607282047?
7, 331, 693691
List the prime factors of 193829248.
2, 1514291
List the prime factors of 94950321.
3, 17, 29, 43, 1493
What are the prime factors of 20544172?
2, 11, 466913
List the prime factors of 7216008.
2, 3, 300667
What are the prime factors of 1025887550?
2, 5, 43, 673, 709
What are the prime factors of 14836337?
14836337
What are the prime factors of 47019409?
3079, 15271
List the prime factors of 2565734415.
3, 5, 171048961
List the prime factors of 319430515.
5, 63886103
List the